l = 4*p + 12. Let w(z) = -z - 2 - z - l*z. Let m(v) = -v**2 + 6*v - 2. Let u be m(6). What is w(u)?
10
Let o = 5 - 1. Let x(h) = 4 - 6 + h**2 + 5 - 6*h + 2. Give x(o).
-3
Let n(t) = t**2 - 3*t - 1. Let y(u) = -u**3 + u**2 + u - 1. Let x be y(0). Let z = 1 - x. Suppose -3*c = -4*c - z. Calculate n(c).
9
Suppose 2*l = u - 0*l + 12, 4*l - 16 = -2*u. Let z be (-10)/u - 12/4. Suppose -4*k = 3*b - 1, z*b - k - 2 = -3*k. Let s(q) = q. Determine s(b).
3
Let k(y) = -6*y**3 - y**2 + y + 1. Let i(h) = -h + 1. Let a be i(-3). Suppose -15 = 5*z, a*c - z + 7 = -2*z. Give k(c).
5
Suppose -5*k - 119 = 81. Let q be (16/k)/((-1)/(-5)). Let i(c) = -c**3 + c**2 + c - 2. Give i(q).
8
Let z(f) = f + 2 - 2*f**2 - 3*f**2 + 2*f**2. Let g be -1 + 4*6/8. Suppose x = -g*x + 6. Calculate z(x).
-8
Suppose 4*z + 31 = -5*h, -4*h + 13 = -7*h - z. Let k(t) be the second derivative of -t**4/12 + t**3/6 - t**2/2 + 14*t. Determine k(h).
-13
Let n(c) = -c**3 - 12*c**2 + 2*c - 1. Let q(v) = -v**3 - 10*v**2 + 2*v - 1. Let w(u) = -6*n(u) + 7*q(u). What is w(2)?
3
Let a = -8 - -13. Suppose -a*u = -0*u - 100. Suppose -3*w - u = w. Let q(s) = -s**2 - 5*s + 6. Give q(w).
6
Let u(s) = -s. Let q(l) = 1. Let r(o) = -3*q(o) - u(o). Suppose 5*x = -4*c + 15, 7*x - 15 = 2*x - c. Suppose -2*z = 2*z + 2*v, 0 = -x*v. Determine r(z).
-3
Suppose 0 = -2*z - 3*d + 2 + 14, z - 3*d = -10. Let n(i) = i**3 - 4*i**2 + 3*i + 3. Let r be n(3). Let w(o) = 1 - o**r - 4*o - o**z + 4*o. Determine w(-1).
1
Let d(w) = -8*w - 4. Let q(i) = 7*i + 4. Let u(b) = 6*d(b) + 7*q(b). Determine u(7).
11
Let y(v) = 16*v**2 + 6*v + 31. Let a(c) = 3*c**2 + c + 6. Let b(n) = 11*a(n) - 2*y(n). Let q(i) = -i + 1. Let j(r) = -b(r) + 2*q(r). Determine j(-2).
-4
Suppose 5*t + 6 = 1, -t + 1 = 2*j. Suppose v - j = 11. Let m(s) = -1 - 1 + 10*s - v*s. Calculate m(-4).
6
Let z(i) = i + 7. Let v(s) = s**3 + 3*s**2 + s - 2. Let x be v(-3). Let b(l) = -2*l - 13. Let a(q) = x*z(q) - 3*b(q). Determine a(6).
10
Let q(c) = c + 5. Suppose 2*k + 1 = 7. Suppose 4*f - 3*s = 28, 4*f + k = -s + 15. Suppose -3*y + 5*t = -7, -f*y - 3*t = -5*t - 14. Calculate q(y).
9
Let a(p) be the third derivative of p**6/120 - p**5/10 + 5*p**4/24 + p**3 - 50*p**2. Calculate a(5).
6
Let l(x) be the first derivative of x**4/4 + x**3/3 + 3*x**2/2 + 2*x + 2. Suppose 4*n + 2 = 3*n. Give l(n).
-8
Let j(x) = x**2 - 4*x + 3. Suppose -9 = -3*d, 3*o - d = -0*o - 3. Let a = -15 - -20. Let c = o + a. Calculate j(c).
8
Let n(w) be the third derivative of -w**5/60 + w**4/24 - 2*w**3/3 - 16*w**2. What is n(0)?
-4
Let z(t) = 7*t**3 + t**2 - t. Let c = -3 + 7. Let l = c + -4. Let j = 1 + l. What is z(j)?
7
Let b(n) = -3 + 2 - 2*n + 2. Let v = 3 + 1. Determine b(v).
-7
Let x(h) = 4*h**2 + 4*h + 3. Let v(p) = -p**2 + p - 1. Let s(w) = -5*v(w) - x(w). Calculate s(6).
-16
Let n(k) = k**3 - 8*k**2 + k - 7. Let i be n(8). Let p(q) = 4*q**3 - q. What is p(i)?
3
Let l(o) be the second derivative of o**3/6 + o**2/2 + o. Let w = -2 - -7. Suppose -1 = 2*x + w. Calculate l(x).
-2
Let d be (-5 + -1 + -1)*36/(-42). Let m(j) = 4*j - 2. What is m(d)?
22
Let m(p) = -2*p**3 - 2*p**2 + 1. Let w(a) = a - 1. Let h(k) = k**3 + 8*k**2 - 10*k - 7. Let g be h(-9). Let q be w(g). Calculate m(q).
-3
Let n(g) = -2*g**3 + 2*g**2 - 1. Let l be n(1). Let a be (-3)/(12/8)*-1. Let o(x) = -4*x + 3*x + a*x + x**2 + 13*x**3 + x**2. Determine o(l).
-12
Let i(n) = -2 - 59*n + 59*n - n**2. Determine i(4).
-18
Let h(l) be the second derivative of l**5/20 - l**4/2 + l**3/6 - l**2/2 + 8*l. Determine h(6).
5
Let q(p) = 4*p**3 - p**2 - p - 1. Let t(s) = s - 2. Let n be t(6). Let w be 3/1 + -1 + -2. Suppose -y + 2*d + 1 = -2*y, 4*y + 2*d + n = w. Calculate q(y).
-5
Let u(n) = -n**3 - 5*n**2 - 7*n - 6. Let y(a) = a**3 + 5*a**2 + 7*a + 6. Let f(t) = -3*u(t) - 4*y(t). Give f(-4).
6
Let s(k) = -k**3 - 4*k**2 - 4*k - 1. Let b(q) = -q**3 + 6*q**2 - 4*q - 8. Let l be b(5). Let n = -1 - -1. Let f = l - n. Determine s(f).
2
Let a(h) be the third derivative of h**5/60 + h**4/4 + h**3/2 + 5*h**2. Let c be a(-3). Let q(j) = j**2 + 7*j + 6. What is q(c)?
0
Let m(n) = -n**2 - 2*n + 5. Let o(l) = -l**3 + 5*l**2 - 4*l + 3. Let h be o(4). Suppose 8 - 2 = h*z + 5*v, -3*z = v - 18. Suppose -5*y - 13 = z. Determine m(y).
-3
Suppose 0 = -5*m - 4*z + 45, -2*z - 2*z + 30 = 2*m. Let g(k) be the third derivative of -k**6/120 + k**5/10 - 5*k**4/24 + k**3/2 + 43*k**2. Give g(m).
3
Let i(x) = -x**3 + 3*x**2 + 6*x - 3. Let c(j) = 6*j**2 - 3. Let o(y) = -5*y**2 - y + 2. Let g(m) = 4*c(m) + 5*o(m). Let z be g(-3). Give i(z).
5
Suppose 2*i + 3 = 13. Let w(q) = q**2 - 7*q + 6 + 6 - 5. Calculate w(i).
-3
Let l(o) = -7*o**3 - 9*o**2 - 7*o - 5. Let d(i) = -20*i**3 - 26*i**2 - 20*i - 15. Let c(w) = -6*d(w) + 17*l(w). Calculate c(-4).
-15
Suppose -2*k + 5 = -7. Let p(d) = 4*d - 1. Let n(h) = 3*h - 1. Let v(f) = k*p(f) - 5*n(f). Determine v(-1).
-10
Let k(i) = -7*i**2 + 3*i - 3. Let z = -143 - -145. Determine k(z).
-25
Let d be (-7)/(-2) - (-3)/6. Let a(b) = -2*b + 11. Let t(z) = 6*z - 33. Let j(k) = 8*a(k) + 3*t(k). Let f(g) = 1. Let w(n) = 6*f(n) + j(n). Calculate w(d).
3
Let c(f) = -2*f + f + 2*f**2 - 3*f**2 + 0*f**2. Let p be (0 - 2)/(-10 + 11). Calculate c(p).
-2
Let v(k) = -5*k**3 - 3*k**2 + 2*k - 3. Let f(w) = 2*w**3 + w**2 - w + 1. Let i(t) = 8*f(t) + 3*v(t). Suppose 11*g = 6*g - 5. What is i(g)?
-1
Let x(r) = 5*r**2 + 2*r - 1. Let j = -14 + 12. Calculate x(j).
15
Let o(t) = 2*t + 2. Let p(g) = g**3 - 5*g**2 - 8*g + 8. Let h be p(6). Calculate o(h).
-6
Let w(s) = s**2 + 1. Suppose 11 = x - 0*x - 5*k, -5*x + 4*k = -34. Suppose 2*g - x*g + 8 = 0. Determine w(g).
5
Let g(x) be the second derivative of x**4/12 - x**3/2 + 5*x. Give g(3).
0
Let c(l) = -13*l + 10. Let i(d) be the third derivative of -7*d**4/24 + 5*d**3/6 - d**2. Let n(g) = 6*c(g) - 11*i(g). Calculate n(5).
0
Let h(r) = r - 5. Let t(u) = -2*u + 5. Let s(y) = 4*h(y) + 3*t(y). Determine s(-6).
7
Suppose 3*g = -5*v + 22, 0 = g + 4*g - 20. Let i(t) = -t**3 + 3*t**2 - 2*t + 3. What is i(v)?
3
Let n(z) = -z - 1. Let h(m) = -m**3 + 7*m**2. Let q(x) = h(x) + 6*n(x). Let g be (-30)/25*(2 - 7). Give q(g).
-6
Let p(c) = 3*c**2 - 14*c**2 + c + 6*c**2 + 4*c**2 - 1. Determine p(2).
-3
Let p(g) = -6*g - 3 + 1 + 0*g**2 + g**3 - 6*g**2. Suppose -295*b = -296*b + 7. Calculate p(b).
5
Let p(y) = -y + 3*y + 0*y + 6. Let j be p(-4). Let l(k) = -k**3 - 3*k**2 - 2*k - 1. Let v be l(j). Let w(a) = 6*a**3 + a**2 - a - 1. Calculate w(v).
-5
Let s(n) = -n + 2. Let b(u) = 4*u - 8. Let v(x) = -2*b(x) - 9*s(x). Suppose 0*g = -4*g + 16. Give v(g).
2
Let t(m) = -8*m**3 - 1. Let l(r) = r**2 - 8*r + 8. Let u be l(6). Suppose y - 5*c + 37 - 10 = 0, -y - 2*c = -8. Let k be (y - -1)/(u + 3). Calculate t(k).
-9
Let h(r) = 5*r**2 + 11*r - 4. Let b(t) = -8*t**2 - 22*t + 8. Let k(o) = -3*b(o) - 5*h(o). What is k(8)?
20
Let b(w) = -w + 5. Suppose 4 = n - 1. What is b(n)?
0
Suppose 0 = 2*b + 2*u - 6, u = -4*b + 3*u - 6. Let g(q) = -q**2 - 3 - 1 + q**3 + 5. Determine g(b).
1
Suppose -3*r = -2*r - 1. Let j(m) = r + 2*m - 4*m - 2 - 4*m. Calculate j(1).
-7
Suppose 0 = 2*p + 2 + 4. Suppose -3*x = -0*x - 12. Let j(q) = x*q**2 - 2*q**2 - 2 - q**2. Give j(p).
7
Let g = 17 - 15. Suppose h = f + 1, 5*h = 4*h - g*f + 13. Let k(j) be the first derivative of j**4/4 - 4*j**3/3 - 3*j**2/2 - j - 1. What is k(h)?
9
Let g(c) = -c**3 + 0*c**3 - 2*c - 10 + 3*c. Determine g(0).
-10
Let f(g) = -3*g - g - 2 - 1. Let a(l) = -l**3 - 9*l**2 + l + 7. Let x = 7 - 16. Let c be a(x). Give f(c).
5
Let p(q) be the third derivative of q**5/120 + q**3/6 - 3*q**2. Let o(j) be the first derivative of p(j). Determine o(-5).
-5
Let g(l) = 9*l**2 + 10*l + 13. Let i(q) = 5*q**2 + 5*q + 7. Let b(f) = -3*g(f) + 5*i(f). Calculate b(-3).
-7
Let z = -20 + 24. Let a(f) = -f**3 + 4*f**2 - f + 5. Let n be a(z). Let m(r) be the third derivative of 3*r**5/20 - r**3/6 + r**2. Give m(n).
8
Let h(v) = 3*v + 7 + 0*v - 2*v. Let a = 36 + -8. Let b = 23 - a. Calculate h(b).
2
Suppose 3 = m + 2. Let s(c) = 20*c**2 + 14*c - 14. Let r(v) = 7*v**2 + 5*v - 5. Let z(q) = -17*r(q) + 6*s(q). Determine z(m).
1
Suppose z + 4*a + 10 + 4 = 0, -2*z = a. Let t(p) = -p + 26 + 2*p + 0*p**z - 11 + p**2. Give t(0).
15
Let m(a) = 2*a + 10. Suppose -2*p + 5*w + 9 = 0, 0 = 4*p - 2*w - 1 + 23. What is m(p)?
-6
Let